mine q(1).
-6
Let q(w) be the second derivative of w**3/3 - 2*w. Let s be 2*(3 + -4) + 6. Determine q(s).
8
Let x(n) be the third derivative of -n**5/60 - n**4/4 - 2*n**3/3 - 6*n**2. Suppose -2*k + 4*p = 4, 3*k - p - 6 = 8. Suppose -2 = -i - k. Give x(i).
4
Let p(f) be the third derivative of -f**7/2520 + f**6/720 - f**5/24 - f**4/8 - 2*f**2. Let d(k) be the second derivative of p(k). Calculate d(0).
-5
Let i(f) = -f + 1. Let y be 2/(-2)*(8 - 9). Give i(y).
0
Let r(n) = -n - 5. Let w(q) = -q**2 + 12*q + 7. Let t be w(13). Determine r(t).
1
Let k be 5*-2*3/(-15). Let v(p) = -p**2 + 2*p + 8. Let z be (-2)/4 + (-3)/6. Let m(n) = n + 1. Let b(g) = z*v(g) + 5*m(g). What is b(k)?
7
Let v be 6/5*80/12. Suppose 0 = 2*o - 0 - v. Let d(t) = -t**3 + 4*t**2 + 2. Calculate d(o).
2
Let m(v) be the first derivative of -v**2/2 + 9*v + 1. Suppose -32 = -x - 12. Suppose 4*p - x = -0*p. Give m(p).
4
Suppose 0*j + 4*j + 4*k - 44 = 0, 2*j - 3*k + 3 = 0. Let b = j - -6. Suppose 3 = 5*v - b. Let o(f) = -f**3 + 5*f**2 - 5*f + 2. Determine o(v).
5
Let k(l) = 3*l**3 + l**2. Suppose 3*f + v + 7 = 0, 4*f - 4*v = 2*f + 14. Give k(f).
-2
Let k(b) be the second derivative of -b**5/20 - 5*b**2/2 - 9*b. Calculate k(0).
-5
Let m be 5*(2/(-10) + 1). Suppose o = -5*l + 7, 0 = 5*o + 9 + 6. Let j(s) = -2*s - 2*s + s**2 + 1 - 4*s + l*s. What is j(m)?
-7
Let q(d) = -65*d**2 - 63*d**2 + 127*d**2 + 10*d + 2. Determine q(6).
26
Let c(m) = m - m**2 + 11*m - 6 - 4*m. Give c(8).
-6
Suppose 2*k + 2*k = 8, 4 = -2*c + k. Let x(z) = -4*z + 1. What is x(c)?
5
Let w = -119/3 - -40. Let u(y) be the first derivative of -1 - 3*y**2 - 6*y - w*y**3. Give u(-4).
2
Let o(p) = 14 + 14 - 54 + 21 - p. Give o(-8).
3
Let k(s) = -2*s**2 + 5*s + 1. Let l(n) = n**2 + n - 1 - n. Let c(q) = -k(q) - l(q). Determine c(5).
0
Let x(c) be the third derivative of -c**4/12 + c**3/3 + 6*c**2. Let a = 0 + 3. Suppose -a = -3*n + 3. Calculate x(n).
-2
Let u = -71 - -69. Let r(g) = g + 2. What is r(u)?
0
Let x(d) = d**3 + d**2 - d - 1. Let o be (-1)/(3/9*1). Determine x(o).
-16
Let x(d) = 3*d**2 + 1. Let u be (8 + 1)/(-3) - -2. Calculate x(u).
4
Suppose 2*x + 3*u = -3*x + 4, -5*x - 5*u = 0. Suppose 3*y - 3*r = x*y + 14, 4*y + 4 = -3*r. Let z(j) = 2 - 2 + j**3 - j**2 + 1. What is z(y)?
5
Let t(d) = -d + 4. Suppose 0*m + 4*m = 8. Determine t(m).
2
Let g(t) = t + 2. Let f(w) = -2*w**2 - 4*w - 6. Let u be f(-5). Let k = u - -21. Let n = k - -9. Calculate g(n).
-4
Let z = -707/12 + 59. Let m(h) be the second derivative of z*h**4 + 1/20*h**5 + 1/6*h**3 + 1/2*h**2 + 3*h + 0. Calculate m(-2).
-5
Let r(q) be the first derivative of -5/3*q**3 + 2*q + 0*q**2 + 1/4*q**4 - 1. What is r(5)?
2
Let t(a) be the second derivative of -a**5/20 + a**4/3 + 2*a**3/3 + 3*a**2/2 + 10*a. Determine t(5).
-2
Let h(a) = -2*a. Let c be (-6)/33 - 18/22. Let m = 0 - c. Suppose 3*b = 4 - m. Determine h(b).
-2
Suppose -3*o + 12 = -0*o. Let a(g) = o - 3*g - 5 + 2*g. Give a(-1).
0
Let f(z) = z**3 + 5*z**2 + 3*z + 6. Let p = -18 + 41. Let a = 18 - p. Determine f(a).
-9
Let b be (-8)/(-6)*(3 + 0). Suppose -b*j + 10 = j. Suppose d + j*d = -12. Let i(k) = -k**3 - 3*k**2 + 2*k - 2. What is i(d)?
6
Let c(f) = -f**2 - f + 1. Let t be c(2). Let h = t + 8. Let z(p) = p**3 - 4*p**2 + 2*p - 4. Calculate z(h).
-7
Let b be (2 - 0)*(-1)/2. Let v = b - -3. Let j(z) = -4*z**3 - 4 + 9*z**3 + 3 + v*z**2. Calculate j(1).
6
Let a be (-7)/14*0/(-2). Let t be (1 - (a + 0))*-1. Let m(u) = -2*u**3 - u - 1. Determine m(t).
2
Let k be -3 + -1 - (-225)/54. Let f(t) be the second derivative of 0 - k*t**3 + 3*t - 1/4*t**4 + 2*t**2 - 1/20*t**5. Calculate f(-3).
7
Let g(q) = -q**3 + 6. Let s be (-3)/6*(-3 + 3). Calculate g(s).
6
Let r = -7 + 9. Let x(w) = 10*w**2 + 13*w + 3. Let t(m) = 3*m**2 + 4*m + 1. Let p(l) = 7*t(l) - 2*x(l). Determine p(r).
9
Let b(x) be the second derivative of x**5/20 + 5*x**4/12 + 5*x**3/6 + 3*x**2 - x. Suppose 9*o = 4*o - 20. Calculate b(o).
2
Let y be (-1)/5 - (-112)/10. Let h = y - 14. Let j(k) = 2*k + 2. What is j(h)?
-4
Let s(c) = -c**2 + 6*c - 4. Suppose 8*n = 3*n - 20. Let i be (8/6)/(n/(-24)). Suppose 0 = -2*v - 0*v + i. What is s(v)?
4
Let t = -80 + 82. Let v(w) = -4*w - 1. Give v(t).
-9
Let p(y) = -2*y + 27. Let m(q) = q - 14. Let h(o) = 7*m(o) + 4*p(o). Suppose 0 = 2*j - n - 10, 2*j - 2*n - 10 = n. Calculate h(j).
5
Let t(n) = -11*n**2 - n - 1. Let s be (3 - 2) + 0 + -2. Give t(s).
-11
Let o(l) be the first derivative of -11 - 5*l + 1/2*l**2. Calculate o(7).
2
Suppose 3*y - 4 = -y. Let i(b) = 7*b - 1. What is i(y)?
6
Let t = 10 - 9. Let f(w) = 8*w**3 + w**2 - 2*w + 1. Give f(t).
8
Let v(l) = 14*l + 3. Let z(x) = 5*x + 1. Let t(f) = -4*v(f) + 11*z(f). Let p be ((-4)/6)/((-13)/(-117)). Give t(p).
5
Let s(r) = -3*r**2 - 35*r - 24. Let y(w) = w**2 + 12*w + 8. Let m(i) = 4*s(i) + 11*y(i). Determine m(-6).
4
Let h(d) = 2*d - 1. Suppose 4*i + 4 = 5*f, 3*f = 2*f - 4. What is h(i)?
-13
Let q(c) = 6*c + 82. Let u be q(-14). Let g(h) = h**2 + 4*h + 1. Give g(u).
-3
Let h(m) = m**3 + 12*m**2 + 11*m - 4. Let z be h(-11). Let u(i) = -2*i - 4. Give u(z).
4
Let m(x) = x**3 - 6*x**2 + 2*x - 6. Suppose -5*j - 9 + 2 = -2*b, j + 17 = 3*b. Give m(b).
6
Let s(r) be the first derivative of -4*r**3 + r**2/2 - 4. Determine s(-1).
-13
Let k(q) be the third derivative of q**6/120 - q**5/20 - q**3/2 - q**2. Let z be k(3). Let d(p) = -4*p - 7*p**2 - 6*p**2 + 12*p**2 + 3. Determine d(z).
6
Let u be -1*-2*(2 + -5). Let q be 3/u*-4 + -5. Let i(o) = -o**2 - 2*o + 4. Calculate i(q).
1
Suppose -5*y + 5*w - 33 = -3, 0 = -5*y - 4*w - 12. Let i(b) = -1 - b - 2*b + 2*b. Calculate i(y).
3
Let t be (-27)/(-4) + 9/36. Suppose -5*j - t + 2 = 0. Let k(i) = 7*i. Determine k(j).
-7
Let c(x) be the third derivative of -x**5/60 + 5*x**4/24 + 4*x**3/3 + x**2. Let p be c(6). Let s(b) = -1 + b - 2 + 2*b - p*b. What is s(2)?
-1
Let n(t) = 0*t + t - 9 + 4*t - 4*t. Calculate n(0).
-9
Suppose 7*z - 2*z - 10 = 0. Let n(y) = 1 - y - 10*y**2 + 5*y - 3 + 7*y**2. Give n(z).
-6
Let f(h) = h**2 - 2*h. Let q be f(2). Suppose q*v - v = 6. Let y be (-51)/(-9) + v/9. Let d(k) = k**2 - 4*k - 4. What is d(y)?
1
Let i = 3 + -1. Let p(j) = 4*j + i*j**2 - 3*j - 1 + j**2. Determine p(1).
3
Let j = -86 - -86. Let f(c) be the second derivative of 2*c + j - 9/2*c**2 - 7/6*c**3 - 1/12*c**4. What is f(-6)?
-3
Let t(j) = 9*j. Suppose -o - 6 = 3*p, 3*o = o + 4*p - 2. Let f be (-1)/3*o*1. Let k = 2 - f. Calculate t(k).
9
Suppose 0 = -2*n + 45 + 7. Let d = -23 + n. Let r(i) = i**3 - 2*i**2 - 4*i. What is r(d)?
-3
Let h(z) be the first derivative of z**2/2 + 8*z + 1. Let p be h(-7). Let y(b) = 4*b**2 - b. What is y(p)?
3
Let g = -155 - -150. Let c(t) = 3*t - 3. Give c(g).
-18
Let q(i) = 7*i + 1. Let c(j) = -8*j + 81. Let s be c(10). Give q(s).
8
Let v = 38 - 43. Let x(k) = k**3 + 6*k**2 + k + 8. Let p be x(-6). Let c(r) = -1 + r**p + 3*r + 2*r + 0*r. Determine c(v).
-1
Let r(b) = -b - 1. Let x(n) = -n + 4. Let a be x(9). Determine r(a).
4
Let h be 29/8 - (-9)/24. Let n(x) = x**2 - 3*x + 2. What is n(h)?
6
Let c(d) = -11*d + 29. Let k(b) = 5*b - 14. Let n(w) = -4*c(w) - 9*k(w). Calculate n(6).
4
Let c(g) = -g. Let t be c(1). Let u(d) = -3*d**3 - d**2 - 2*d - 1. Let i be u(t). Let p(z) = -z**2 + z - 4. What is p(i)?
-10
Let h(u) = 4*u**2 + 6*u - 8. Let g(r) = -3*r**2 - 7*r + 7. Let j(b) = -3*g(b) - 2*h(b). Give j(-7).
-19
Suppose -13 = -3*u + d, -5*u - 4*d + 0*d - 1 = 0. Let x(m) = 5 + 5*m**2 + m**2 - u*m**2 - 4*m**2. Let y(p) = -p**2 - 3*p - 2. Let i be y(-2). Give x(i).
5
Let i(f) = 2*f**3 + 3*f**2 - f - 7. Let o(k) = 2*k**3 + 3*k**2 - k - 6. Let r(v) = 4*i(v) - 5*o(v). Let t(j) = j + 1. Let h be t(-3). Give r(h).
4
Let d = -8 - -9. Suppose -o = 2*m - 7*m + 40, -o - 20 = -m. Let g be d/(-3) - o/(-9). Let n(l) = l**2 + 4*l - 1. Give n(g).
-5
Let g(c) be the second derivative of -c**3/6 + 5*c**2/2 - 2*c. Let n = -5 - -8. Let k = n + -3. What is g(k)?
5
Suppose -4*t = -27 - 1. Let w(j) = 3 - 3 + j**2 + 5 - t*j. Give w(5).
-5
Let r(c) = -2 - 5*c + 2 - 1 + 12*c. Determine r(1).
6
Let p(w) = 7*w + 3 - 2*w - 5*w + w. Determine p(-10).
-7
Let i(w) = 6 + 0 + 2*w - 3*w + 4*w. Determine i(-5).
-9
Suppose -f = 3*k - 10, 2*k - 3*f = 7*k - 18. Let j(g) = -g**3 + 3*g - 6. Let d(z) = 2*z**3 - z**2 - 5*z + 11. Let t(s) = -3*d(s) - 5*j(s). Calcu